{"id":694,"date":"2019-11-16T17:10:08","date_gmt":"2019-11-16T16:10:08","guid":{"rendered":"https:\/\/www.casa-alsole.it\/prova\/?page_id=694"},"modified":"2020-04-23T12:13:12","modified_gmt":"2020-04-23T10:13:12","slug":"about","status":"publish","type":"page","link":"https:\/\/www.casa-alsole.it\/it\/about\/","title":{"rendered":"About"},"content":{"rendered":"<div class=\"contenitore\">\n<div class=\"blocco manuel\">\n<div class=\"foto\"><img decoding=\"async\" src=\"https:\/\/www.casa-alsole.it\/wp-content\/uploads\/2019\/12\/CasaAlSole_Manuel_640.jpg\" \/><\/div>\n<div class=\"testo\">\n<h3>Manuel<\/h3>\n<p class=\"p1\">La verit\u00e0, come sempre, \u00e8 nel mezzo. La passione \u00e8 la mia febbre. Ho coltivato pi\u00f9 di vent\u2019anni di esperienza in giro per il mondo, dalla Francia alla Nuova Zelanda, nel campo dell\u2019enogastronomia. Sono stato per anni ma\u00eetre e responsabile food and beverage di uno degli hotel pi\u00f9 rinomati delle Dolomiti. Amo il telemark, il fuoripista, la bici e andar per funghi. Soprattutto, amo la mia terra anche se a volte sa essere ostile. L\u2019ho provato sulla mia pelle quando decisi di destinare questa Casa, in cui sono nato e prima di trasformarla in quello che \u00e8 oggi, all\u2019ospitalit\u00e0 dei profughi provenienti dall\u2019al di l\u00e0 del mare. Amo la musica, i vini naturali, alcuni dicono che ho un gran cuore. Chiss\u00e0 se \u00e8 vero. Quello che mi piace \u00e8 ridere, giocare con le parole, essere allegro e contagiare le persone di una sana ilarit\u00e0. Ma s\u00ec, sono distratto, lazzarone e sognatore. Nello stesso tempo sono pignolo, preciso e severo. Come dire, luna crescente e luna calante. Per\u00f2 la luna mi piace, perch\u00e9 a lei no?<\/p>\n<\/div>\n<\/div>\n<div class=\"blocco alexandra\">\n<div class=\"foto\"><img decoding=\"async\" src=\"https:\/\/www.casa-alsole.it\/wp-content\/uploads\/2019\/12\/CasaAlSole_Alexandra_640.jpg\" \/><\/div>\n<div class=\"testo\">\n<h3>Alexandra<\/h3>\n<p class=\"p1\">Quando ho avuto la possibilit\u00e0 di vivere e lavorare qui, ho fatto armi e bagagli senza pensarci un attimo. Dopo tanti anni mi considero una insider. Conosco i sentieri, ho fatto la guida accompagnatrice, la concierge, l\u2019oste, la receptionist, l\u2019assistente di direzione e mi piace dare consigli a chi me li chiede. Vabb\u00e8, sono un po\u2019 distratta e sognatrice, a volte mi sento goffa e impacciata. \u00c8 vero, qualcuno, come osa, dice che sono parente stretta della signorina Rottermeier. Ma dai, solo perch\u00e9 il mio accento ibrido, a met\u00e0 fra il lombardo, l\u2019atesino e lo slovacco sembra che suoni come il rintocco austero del campanile della chiesa di Ortisei? Non scherziamo. Anzi s\u00ec, scherziamo pi\u00f9 che mai, perch\u00e9 a me in fondo, dietro l\u2019apparente muro difensivo, piace ridere, giocare, amare, offrire e condividere. E poi non sto mai ferma. Qualcuno ha voglia di seguirmi di qui e di l\u00e0? Dai che andiamo a divertirci su e gi\u00f9 per i sentieri delle amate Dolomiti. Con il sorriso e voglia di vivere. Allez.<\/p>\n<\/div>\n<\/div>\n<\/div>\n","protected":false},"excerpt":{"rendered":"<p>Manuel La verit\u00e0, come sempre, \u00e8 nel mezzo. La passione \u00e8 la mia febbre. Ho coltivato pi\u00f9 di vent\u2019anni di esperienza in giro per il mondo, dalla Francia alla Nuova Zelanda, nel campo dell\u2019enogastronomia. Sono stato per anni ma\u00eetre e responsabile food and beverage di&#8230;<\/p>\n","protected":false},"author":2,"featured_media":0,"parent":0,"menu_order":0,"comment_status":"closed","ping_status":"closed","template":"full_width.php","meta":{"footnotes":""},"class_list":["post-694","page","type-page","status-publish","hentry"],"_links":{"self":[{"href":"https:\/\/www.casa-alsole.it\/it\/wp-json\/wp\/v2\/pages\/694","targetHints":{"allow":["GET"]}}],"collection":[{"href":"https:\/\/www.casa-alsole.it\/it\/wp-json\/wp\/v2\/pages"}],"about":[{"href":"https:\/\/www.casa-alsole.it\/it\/wp-json\/wp\/v2\/types\/page"}],"author":[{"embeddable":true,"href":"https:\/\/www.casa-alsole.it\/it\/wp-json\/wp\/v2\/users\/2"}],"replies":[{"embeddable":true,"href":"https:\/\/www.casa-alsole.it\/it\/wp-json\/wp\/v2\/comments?post=694"}],"version-history":[{"count":0,"href":"https:\/\/www.casa-alsole.it\/it\/wp-json\/wp\/v2\/pages\/694\/revisions"}],"wp:attachment":[{"href":"https:\/\/www.casa-alsole.it\/it\/wp-json\/wp\/v2\/media?parent=694"}],"curies":[{"name":"wp","href":"https:\/\/api.w.org\/{rel}","templated":true}]}}

<div class="contenitore">
<div class="blocco manuel">
<div class="foto"><img decoding="async" src="https://www.casa-alsole.it/wp-content/uploads/2019/12/CasaAlSole_Manuel_640.jpg" /></div>
<div class="testo">
<h3>Manuel</h3>
<p class="p1">La verità, come sempre, è nel mezzo. La passione è la mia febbre. Ho coltivato più di vent’anni di esperienza in giro per il mondo, dalla Francia alla Nuova Zelanda, nel campo dell’enogastronomia. Sono stato per anni maître e responsabile food and beverage di uno degli hotel più rinomati delle Dolomiti. Amo il telemark, il fuoripista, la bici e andar per funghi. Soprattutto, amo la mia terra anche se a volte sa essere ostile. L’ho provato sulla mia pelle quando decisi di destinare questa Casa, in cui sono nato e prima di trasformarla in quello che è oggi, all’ospitalità dei profughi provenienti dall’al di là del mare. Amo la musica, i vini naturali, alcuni dicono che ho un gran cuore. Chissà se è vero. Quello che mi piace è ridere, giocare con le parole, essere allegro e contagiare le persone di una sana ilarità. Ma sì, sono distratto, lazzarone e sognatore. Nello stesso tempo sono pignolo, preciso e severo. Come dire, luna crescente e luna calante. Però la luna mi piace, perché a lei no?</p>
</div>
</div>
<div class="blocco alexandra">
<div class="foto"><img decoding="async" src="https://www.casa-alsole.it/wp-content/uploads/2019/12/CasaAlSole_Alexandra_640.jpg" /></div>
<div class="testo">
<h3>Alexandra</h3>
<p class="p1">Quando ho avuto la possibilità di vivere e lavorare qui, ho fatto armi e bagagli senza pensarci un attimo. Dopo tanti anni mi considero una insider. Conosco i sentieri, ho fatto la guida accompagnatrice, la concierge, l’oste, la receptionist, l’assistente di direzione e mi piace dare consigli a chi me li chiede. Vabbè, sono un po’ distratta e sognatrice, a volte mi sento goffa e impacciata. È vero, qualcuno, come osa, dice che sono parente stretta della signorina Rottermeier. Ma dai, solo perché il mio accento ibrido, a metà fra il lombardo, l’atesino e lo slovacco sembra che suoni come il rintocco austero del campanile della chiesa di Ortisei? Non scherziamo. Anzi sì, scherziamo più che mai, perché a me in fondo, dietro l’apparente muro difensivo, piace ridere, giocare, amare, offrire e condividere. E poi non sto mai ferma. Qualcuno ha voglia di seguirmi di qui e di là? Dai che andiamo a divertirci su e giù per i sentieri delle amate Dolomiti. Con il sorriso e voglia di vivere. Allez.</p>
</div>
</div>
</div>

<p>Manuel La verità, come sempre, è nel mezzo. La passione è la mia febbre. Ho coltivato più di vent’anni di esperienza in giro per il mondo, dalla Francia alla Nuova Zelanda, nel campo dell’enogastronomia. Sono stato per anni maître e responsabile food and beverage di&#8230;</p>
